) = w*a(s) + 2*c(s). What is the units digit of p(-2)?
4
Suppose -5*t + 6*j + 141 = 2*j, -4*t = -j - 104. Suppose 3*x = -2*x + t. What is the units digit of x?
5
Suppose 0 = a + 3, 4*a = 5*y - a - 55. Suppose 0 = -3*m + 3*s - 6, -4*s + 14 + y = 3*m. Suppose -m*b - 2 = -10. What is the units digit of b?
4
Let k(i) = i**3 - 6*i**2 - 4*i - 7. Let w(q) = -q + 3 + 7*q**2 + 0*q + q**3 - 2*q**2 - q**2. Let b be w(-4). What is the tens digit of k(b)?
1
Suppose 2*u - 5 = 3. Suppose -u*g = k, 0*k + g = 4*k - 34. What is the units digit of k?
8
Suppose 2*x + 68 = 2*a, -a - 4*a - 86 = 3*x. Let p = x + 45. What is the units digit of p/2 + (-1)/2?
6
Suppose -2*q - 15 = -q. What is the units digit of (-2)/(-10) - 117/q?
8
Suppose q + 40 = 2*q. Suppose -q = -4*t - 0*t + 3*u, 0 = 3*t - 5*u - 19. What is the tens digit of t?
1
Suppose 0*s = -2*s + 8. What is the units digit of s?
4
Suppose t - 300 = -t. What is the hundreds digit of t?
1
Let x be (-2)/((0 + -2)/46). Suppose 4*b - 2*b = x. What is the units digit of b?
3
Let l(x) = 26*x - 18. What is the tens digit of l(5)?
1
Let z(v) be the first derivative of -4 - 1/3*v**3 - 5/2*v**2 - 2*v. What is the units digit of z(-2)?
4
Let l(p) = 0 + p + 3 + 5. Let c be l(-5). Suppose 2 - c = q - 3*r, 7 = 3*q + r. What is the units digit of q?
2
Suppose 9 + 14 = -t. Let f = t + 36. What is the units digit of f?
3
Let q(j) be the third derivative of -7/6*j**3 - 2*j**2 + 0 - 1/12*j**5 + 1/8*j**4 - 1/120*j**6 + 0*j. What is the tens digit of q(-6)?
1
Let q be (-4)/6 + (-2)/(-3). What is the units digit of 18/(-6)*(-9 + q)?
7
Let b = 8 + -5. Let a = b - -2. Let p = a + -2. What is the units digit of p?
3
Suppose 0 + 5 = -a. Let j = a + 9. What is the units digit of j?
4
Let k(o) = -2*o + 4. Let g(j) = j. Let q(r) = 3*g(r) + k(r). Let w be q(-4). What is the units digit of -18*(w - 2/4)?
9
Suppose 189 = -10*b + 1469. What is the hundreds digit of b?
1
Let b = 222 + -153. What is the units digit of b?
9
Suppose 2*i = -3*u - 52, 56 = -3*i + 4*u - 3*u. Suppose -3*d = 20 + 100. Let x = i - d. What is the tens digit of x?
2
What is the tens digit of (-2250)/(-12) + (-1)/(-2)?
8
Let h be ((-114)/(-9))/((-4)/(-6)). Let o = h + -11. What is the units digit of o?
8
Suppose -j + 3*j = 2*m - 6, -2*j + 5*m = 21. What is the units digit of j/9 + 172/36?
5
What is the units digit of 54/(-8)*(-18 - (5 + -11))?
1
Suppose 18 = -3*o - 3*v, -3*o - 5*v - 18 = 6. Let u = o + 2. What is the units digit of (4 - u) + (-1 - 0)?
4
Suppose -7*t - 442 = -20*t. What is the units digit of t?
4
Suppose y + 19 = 5*y + r, 0 = 4*y + 4*r - 28. Let s be (-8 - 0) + 4/y. What is the units digit of 256/14 - (-2)/s?
8
Let c = 118 - 53. What is the tens digit of c?
6
Let f(m) = m**3 - 3*m**3 + 0*m**2 + 5*m**3 + m**2 - 1. Let n be f(1). Suppose n*s - 2*s = 5. What is the units digit of s?
5
Suppose 32 = -2*h - 2*h. Suppose 2*u + 134 = 4*p, -66 = -2*p + 2*u - 4. What is the units digit of (-2 + 0)*p/h?
9
Let n be 1/(-2 - 316/(-156)). Let w = n - 20. What is the tens digit of w?
1
Suppose -2*d + 54 + 176 = 0. What is the units digit of d?
5
Let w = 982 - 576. What is the hundreds digit of w?
4
Suppose 0 = -3*w + 4*y - 7*y + 69, 4*w + 5*y = 96. What is the tens digit of w?
1
Suppose 5*z - 154 = 3*b - 7*b, -5*b = -4*z + 156. What is the units digit of z?
4
Let m = -1 - -1. Suppose 3*i - i - 8 = m. Suppose -i*x - 20 = 0, 3*x = 5*o - 0*x - 35. What is the units digit of o?
4
Let v be ((-1)/3)/((-1)/(-57)). Let g = 32 + v. What is the units digit of g?
3
Let l be 75/5*4/(-10). Let m(y) = 2*y**3 - 7*y**2 - 5*y + 3. Let o(q) = -q**3 + 7*q**2 + 5*q - 2. Let h(p) = 2*m(p) + 3*o(p). What is the units digit of h(l)?
6
Let i(x) = x**3 + 6*x**2 - x - 1. Let r(q) = q - 7. Let f be r(-5). Let a be f*(3/(-6))/(-1). What is the units digit of i(a)?
5
What is the units digit of -2 - (26/2)/(3/(-45))?
3
Suppose -3*u = 2*y - 16, -2*y - 2*y + 52 = -4*u. Let d = 8 - y. Let s = d + 6. What is the units digit of s?
3
Suppose c - 4*q - 14 = 0, c + 5*q = 2*q. Suppose 0 = -c*d + d + 30. What is the units digit of d?
6
Suppose 6*d - 3*i + 97 = d, -3*d - 67 = -4*i. Suppose -2*t - 5*x = -73, t - 2*x - 52 = -t. Let f = d + t. What is the tens digit of f?
1
Let z = 3 + -9. Let v(s) = s**2 + 4*s - 3. What is the units digit of v(z)?
9
Let r(h) = -2*h. Let l be 0 - (0 + (-2)/(-1)). Let f be r(l). Suppose f = -3*i + b + 24, -3*b + 4 = -i. What is the units digit of i?
8
Let l(u) = 2*u**2 + u. Suppose 6 - 37 = -3*w + 5*o, 2*o = 5*w - 20. Suppose 0 = 4*c - b + 2*b - w, -2*c - 4 = 3*b. What is the units digit of l(c)?
3
Let y = -48 - -57. What is the units digit of y?
9
What is the units digit of ((-44)/2)/(18/(-27))?
3
Let q(y) = -y + 1. Let i be q(-2). Suppose 3*k - 33 = -x - 0*x, i*x - 34 = 4*k. Suppose u = -2*u + x. What is the units digit of u?
6
Suppose 5*w = 5*q - 2 - 3, -2*w + 3 = -q. Suppose 3*j + 2*m + 2*m - 47 = 0, m + 63 = q*j. What is the units digit of j?
3
Let i(f) = 9*f + 1. What is the tens digit of i(3)?
2
Suppose -9 = l + 2*p, 0*p - 6 = 2*l + p. Let c = 5 + l. Suppose -c*o - 3*a = -17, -4*a = -0*a + 20. What is the units digit of o?
8
Suppose -4*u - 38 = -3*c, 5*c - 2*u = 51 + 17. Let b be (-4)/c + (-114)/(-7). Suppose -p + 16 = -5*g, -p + 2*g - 3 = -b. What is the tens digit of p?
1
Let t(h) = h**3 + 9*h**2 + 7. Let n = 4 + -2. Let g be -18*(-3)/(-12)*n. What is the units digit of t(g)?
7
Let b(t) = 3*t**2. Let z = 0 + -1. Let p be b(z). Suppose 2*i + p - 13 = 0. What is the units digit of i?
5
Suppose 2*a = 6*a - 2*r - 186, -4*a - r + 171 = 0. What is the tens digit of a?
4
Let a = 102 + -62. What is the units digit of a?
0
Suppose 2*i - 64 = -n + i, 12 = 3*i. What is the tens digit of n?
6
Let z = -24 + 44. Let l = z - 13. What is the units digit of l?
7
Let x = 20 - 17. Suppose -5*d + 57 = 3*o, -77 + 14 = -x*o - 3*d. What is the units digit of o?
4
Let h be 1/1 - (-3 + 2). Suppose h*f - 3*f = -1. Suppose d - f = 2*d + b, b + 3 = 0. What is the units digit of d?
2
Suppose -2*z - 10 = -m, 4*m = -2*z + 10 + 40. What is the tens digit of m?
1
Suppose 15*c + 1824 - 6294 = 0. What is the hundreds digit of c?
2
Let i = 8 - 6. Let j be 3/(0 - -1*1). Suppose r - 7 = j*y, r - i = -4*y + 5. What is the units digit of r?
7
Let q(v) = v**2 - 6*v + 4. Let g be q(6). Suppose 0 = -g*p + 25 - 5. Suppose -35 = -0*t - p*t. What is the units digit of t?
7
Let a be (3 - (6 - 3))/(-1). Suppose 3*n - 7 = 2*q, -n + 0*n + 4*q - 11 = a. Suppose 0*m - n*m + 90 = 0. What is the units digit of m?
8
Let s = 4 - 5. Let v = s + 4. What is the tens digit of 4/(-6) - (-32)/v?
1
What is the tens digit of -7 + 64 + (-1 - 3)?
5
Let z = 16 + -29. Let t = z + 48. What is the units digit of t?
5
Let n = 92 - 50. What is the tens digit of n?
4
Let k = -35 - -53. What is the units digit of k?
8
Suppose -24 + 23 = -f. What is the units digit of f?
1
Let s(k) = 49*k**3 + 1. Let t be s(-1). What is the units digit of t/(-9) + (-4)/(-6)?
6
Suppose -16*f + 1579 - 299 = 0. What is the tens digit of f?
8
Suppose 3*n + 5*f - 5 = 7*n, -n - 2 = -f. Let y be 2/n + (-54)/(-10). What is the units digit of (y/3)/(2/12)?
0
Let h = -7 + 35. What is the units digit of h?
8
Suppose -3*f = -16 - 29. Suppose -p = 2*p - f. What is the units digit of p?
5
Suppose -3*i = -114 - 18. What is the tens digit of i?
4
Let l = -104 + 185. What is the units digit of l?
1
Let l(d) = d**2 - 5*d. Let h be l(5). Suppose 3*f - n - 16 = h, -3*f + 4*n + 31 - 3 = 0. Let c = f + -2. What is the units digit of c?
2
Let u = 6 - 6. Suppose u = -3*j + 3 + 27. Suppose -f = 0, -j = 4*k - 9*k + f. What is the units digit of k?
2
What is the tens digit of 21 - (2 - 4 - 0)?
2
Let c(w) = -2 + 0 + 12 + w. Let u be c(0). Let z = -7 + u. What is the units digit of z?
3
Let i(a) = 1 - 1 + 2*a - 2. Let g be i(2). Suppose 0 = -6*x + g*x + 32. What is the units digit of x?
8
Suppose 3*j + 4*w - 4 = 4, 0 = 4*j + 2*w - 14. Suppose 0 = j*r + 3*t - 39, -5*r - 3*t = -22 - 23. What is the units digit of r?
6
Suppose 285 = 3*i - 3*a, -3*a = -5*i - 2*a + 467. Suppose k + 2*k = i. What is the units digit of k?
1
Let o(p) = -p**2 + 3*p + 2. Let w be o(-2). Let i be 3 - 2 - 3/1. What is the units digit of ((-2)/w)/(i/(-8))?
1
What is the tens digit of -4 - -194*(0 + 1)?
9
Suppose 7 = y